39 and 291?
291
Calculate the highest common factor of 696 and 15.
3
Calculate the greatest common factor of 256 and 1018.
2
What is the highest common factor of 653582 and 1636?
818
What is the highest common factor of 7298 and 1691?
89
Calculate the greatest common divisor of 335 and 331717.
67
Calculate the greatest common factor of 112920 and 1020.
60
Calculate the greatest common divisor of 278284 and 232.
116
What is the greatest common factor of 16 and 73604?
4
Calculate the greatest common divisor of 764 and 8858580.
764
What is the highest common divisor of 39135 and 165?
15
What is the highest common factor of 8 and 1217108?
4
What is the highest common divisor of 2622 and 370806?
138
What is the highest common factor of 5733 and 13881?
21
What is the greatest common factor of 35463 and 141?
3
Calculate the highest common divisor of 4275209 and 76.
19
Calculate the highest common factor of 284500 and 6500.
500
What is the greatest common factor of 22256 and 1174432?
1712
What is the greatest common factor of 3452 and 2242074?
1726
Calculate the greatest common factor of 77 and 25949.
77
What is the highest common divisor of 38924 and 8473?
37
Calculate the highest common divisor of 440 and 3021656.
88
What is the greatest common divisor of 24182 and 4?
2
What is the greatest common divisor of 1638 and 529438?
182
What is the highest common factor of 41405 and 1157?
13
What is the highest common factor of 6 and 375?
3
Calculate the highest common divisor of 33124 and 728.
364
Calculate the greatest common divisor of 3790 and 76850.
10
What is the greatest common divisor of 15051 and 957?
87
Calculate the greatest common divisor of 140 and 2415.
35
Calculate the greatest common divisor of 54238 and 4.
2
What is the highest common divisor of 5278224 and 368?
368
Calculate the greatest common divisor of 10743 and 2.
1
What is the greatest common divisor of 618 and 274083?
309
Calculate the greatest common factor of 1187349 and 801.
267
Calculate the highest common factor of 726 and 48279.
363
What is the highest common factor of 44 and 4139476?
44
What is the highest common factor of 150 and 206625?
75
Calculate the highest common factor of 100 and 170350.
50
What is the highest common divisor of 2146 and 1276?
58
What is the greatest common divisor of 460259 and 590?
59
What is the highest common divisor of 16099 and 272?
17
What is the greatest common divisor of 329616 and 7?
7
What is the highest common factor of 105 and 11056080?
105
What is the greatest common divisor of 1056 and 4672?
32
What is the greatest common factor of 3885 and 1203055?
1295
Calculate the highest common factor of 11931 and 5529.
291
Calculate the highest common divisor of 3 and 295764.
3
Calculate the greatest common divisor of 358283 and 109.
109
What is the greatest common factor of 143 and 15598?
11
Calculate the greatest common factor of 576 and 2376.
72
What is the highest common factor of 174 and 37526?
58
Calculate the highest common divisor of 1085 and 21235.
155
Calculate the greatest common factor of 1504 and 144948.
188
What is the greatest common factor of 74 and 446146?
74
What is the greatest common factor of 3139857 and 504?
63
Calculate the greatest common divisor of 684 and 330144.
228
What is the highest common factor of 9324 and 61938?
666
Calculate the highest common divisor of 76 and 92720.
76
What is the greatest common factor of 3906 and 11844?
126
What is the highest common factor of 2320 and 34576?
16
What is the highest common divisor of 390 and 8940?
30
What is the greatest common factor of 192468 and 516?
516
What is the greatest common factor of 75 and 94475?
25
What is the highest common divisor of 18 and 1959129?
9
Calculate the greatest common factor of 9117 and 4608.
9
Calculate the highest common factor of 318 and 2332.
106
Calculate the highest common divisor of 60751 and 2607.
79
What is the greatest common divisor of 15 and 5956485?
15
What is the greatest common divisor of 16 and 3962?
2
Calculate the greatest common divisor of 12222 and 2394.
126
Calculate the highest common divisor of 124996 and 32.
4
What is the greatest common factor of 4495 and 7595?
155
What is the greatest common divisor of 6882 and 71114?
2294
What is the greatest common divisor of 459838 and 38?
38
What is the highest common factor of 264 and 1014486?
66
Calculate the highest common factor of 150 and 897.
3
What is the greatest common factor of 78 and 743457?
39
What is the highest common divisor of 34879 and 13?
13
Calculate the highest common divisor of 30 and 3591390.
30
Calculate the highest common factor of 486 and 33642.
54
Calculate the highest common divisor of 2876 and 853453.
719
Calculate the highest common factor of 288 and 10206.
18
What is the highest common divisor of 3815 and 535190?
545
Calculate the highest common divisor of 96 and 1446.
6
What is the greatest common factor of 6 and 92982?
6
Calculate the highest common factor of 57 and 791103.
57
Calculate the highest common factor of 21 and 1053.
3
Calculate the highest common divisor of 143127 and 486.
243
What is the greatest common divisor of 35 and 80885?
35
What is the greatest common factor of 1156 and 2448?
68
Calculate the greatest common factor of 1766 and 22.
2
What is the greatest common factor of 1252 and 4522850?
626
Calculate the highest common factor of 63 and 451381.
7
Calculate the highest common divisor of 35 and 28.
7
Calculate the greatest common factor of 182 and 385931.
91
Calculate the greatest common divisor of 43 and 4171.
43
Calculate the highest common divisor of 2034 and 1030221.
1017
Calculate the greatest common factor of 698654 and 3146.
242
What is the highest common divisor of 1032 and 264?
24
What is the greatest common divisor of 812295 and 105?
15
Calculate the highest common factor of 1078 and 618926.
154
What is the greatest common factor of 751968 and 112?
112
What is the greatest common divisor of 1859 and 4257?
11
What is the highest common divisor of 61 and 724741?
61
Calculate the highest common divisor of 5080621 and 13.
13
What is the greatest common divisor of 1200 and 4400?
400
What is the highest common divisor of 228 and 65796?
12
What is the greatest common divisor of 58 and 1142542?
58
What is the greatest common factor of 8896 and 2641?
139
What is the greatest common factor of 18894 and 67938?
402
Calculate the highest common divisor of 33216 and 4671.
519
Calculate the highest common divisor of 480 and 31272.
24
What is the highest common factor of 140616 and 63?
63
What is the highest common factor of 161 and 9683?
23
What is the greatest common divisor of 82955 and 28435?
235
What is the greatest common factor of 180647 and 2?
1
Calculate the greatest common factor of 671445 and 903.
129
What is the highest common factor of 4045 and 120541?
809
Calculate the highest common divisor of 27881 and 2276.
569
Calculate the highest common factor of 39493 and 135791.
541
What is the greatest common factor of 10 and 2420170?
10
What is the highest common divisor of 379921 and 71?
71
Calculate the highest common divisor of 88 and 264286.
22
What is the greatest common divisor of 42928 and 880?
16
Calculate the greatest common divisor of 6344 and 44304.
104
Calculate the greatest common divisor of 13680 and 4410.
90
Calculate the highest common divisor of 36 and 4481844.
12
Calculate the greatest common factor of 48676 and 172.
172
What is the greatest common factor of 680 and 232?
8
What is the highest common divisor of 1647 and 5193?
9
What is the highest common divisor of 222 and 6222?
6
What is the greatest common factor of 1165816 and 344?
344
Calculate the highest common divisor of 1341 and 8195.
149
Calculate the highest common factor of 160 and 5536.
32
What is the highest common divisor of 3294 and 62769?
183
What is the highest common divisor of 102 and 13542?
6
Calculate the greatest common divisor of 29 and 257897.
29
Calculate the highest common divisor of 117956 and 436.
4
What is the greatest common factor of 107090 and 10?
10
What is the greatest common divisor of 9648 and 7128?
72
What is the highest common factor of 237 and 1900029?
237
Calculate the highest common divisor of 80 and 448.
16
Calculate the great